{"id":430,"date":"2024-10-28T06:56:06","date_gmt":"2024-10-28T06:56:06","guid":{"rendered":"https:\/\/fontanero24h-odonnell.com\/?page_id=430"},"modified":"2024-11-08T18:23:56","modified_gmt":"2024-11-08T18:23:56","slug":"aviso-legal","status":"publish","type":"page","link":"https:\/\/fontanero24h-odonnell.com\/index.php\/aviso-legal\/","title":{"rendered":"Aviso Legal"},"content":{"rendered":"\t\t<div data-elementor-type=\"wp-page\" data-elementor-id=\"430\" class=\"elementor elementor-430\" data-elementor-post-type=\"page\">\n\t\t\t\t<div class=\"elementor-element elementor-element-23b7ebb e-flex e-con-boxed e-con e-parent\" data-id=\"23b7ebb\" data-element_type=\"container\">\n\t\t\t\t\t<div class=\"e-con-inner\">\n\t\t\t\t<div class=\"elementor-element elementor-element-dfe586c elementor-widget elementor-widget-text-editor\" data-id=\"dfe586c\" data-element_type=\"widget\" data-widget_type=\"text-editor.default\">\n\t\t\t\t<div class=\"elementor-widget-container\">\n\t\t\t\t\t\t\t<p><!-- wp:heading --><\/p>\n<h4 class=\"wp-block-heading\">Propiedad intelectual e industrial<\/h4>\n<p><!-- \/wp:heading --><!-- wp:paragraph --><\/p>\n<p>El dise\u00f1o del portal y sus c\u00f3digos fuente, as\u00ed como los logos, marcas y dem\u00e1s signos distintivos que aparecen en el mismo pertenecen a <a href=\"https:\/\/fontanero24h-odonnell.com\/\">https:\/\/fontanero24h-odonnell.com<\/a>\u00a0y est\u00e1n protegidos por los correspondientes derechos de propiedad intelectual e industrial.<\/p>\n<p><!-- \/wp:paragraph --><!-- wp:heading --><\/p>\n<h4 class=\"wp-block-heading\">Responsabilidad de los contenidos<\/h4>\n<p><!-- \/wp:heading --><!-- wp:paragraph --><\/p>\n<p><a href=\"https:\/\/fontanero24h-odonnell.com\">https:\/\/fontanero24h-odonnell.com<\/a> no se hace responsable de la legalidad de otros sitios web de terceros desde los que pueda accederse al portal. Tampoco responde por la legalidad de otros sitios web de terceros, que pudieran estar vinculados o enlazados desde este portal.<\/p>\n<p>Fontanero 24h O&#8217;donnell no ser\u00e1 responsable del uso que terceros hagan de la informaci\u00f3n publicada en el portal, ni tampoco de los da\u00f1os sufridos o p\u00e9rdidas econ\u00f3micas que, de forma directa o indirecta, produzcan o puedan producir perjuicios econ\u00f3micos, materiales o sobre datos, provocados por el uso de dicha informaci\u00f3n.<\/p>\n<h4>Reproducci\u00f3n de contenidos<\/h4>\n<p>En virtud de lo dispuesto en la Ley de Propiedad Intelectual quedan expresamente prohibidas la reproducci\u00f3n, la distribuci\u00f3n y la comunicaci\u00f3n p\u00fablica de la totalidad o parte de los contenidos de esta p\u00e1gina web, con fines comerciales en cualquier soporte, y por cualquier medio t\u00e9cnico, sin la autorizaci\u00f3n de Fontanero 24h O&#8217;donnell.<\/p>\n<h4>Ley aplicable<\/h4>\n<p>Fontanero 24h O&#8217;donnell se reserva la facultad de presentar las acciones civiles o penales que considere necesaria por la utilizaci\u00f3n indebida del sitio Web y contenidos, o por el incumplimiento de las presentes condiciones.<\/p>\n<p>La relaci\u00f3n entre el usuario y Fontanero 24h O&#8217;donnell se regir\u00e1 por la normativa vigente y de aplicaci\u00f3n en el territorio nacional. De surgir cualquier controversia en relaci\u00f3n a la interpretaci\u00f3n y\/o a la aplicaci\u00f3n de estas condiciones, las partes someter\u00e1n los conflictos a la jurisdicci\u00f3n ordinaria, someti\u00e9ndose a los Jueces y Tribunales que correspondan conforme a Derecho.<\/p>\n<p>As\u00ed mismo le informamos que dispone de un procedimiento de resoluci\u00f3n extrajudicial de controversias gratuito y accesible a todos los ciudadanos, se trata de la plataforma de resoluci\u00f3n de litigios en l\u00ednea de la Uni\u00f3n Europea, accesible a trav\u00e9s del siguiente enlace https:\/\/ec.europa.eu\/consumers\/odr\/main\/?event=main.home2.show<\/p>\n<h4>Cookies<\/h4>\n<p>En el caso de emplear tecnolog\u00eda \u201ccookie\u201d en la web, dispone de un apartado concreto que le informa sobre su existencia as\u00ed como de su pol\u00edtica de uso. Consulte el apartado \u201cpol\u00edtica de cookies\u201d.<\/p>\n<p>En caso contrario, no se emplean cookies de navegaci\u00f3n.<\/p>\n<h4>Datos personales de menores<\/h4>\n<p>Esta p\u00e1gina web no est\u00e1 dirigida a usuarios menores de edad. Si usted es menor de edad, por favor no intente registrarse como usuario. Si descubrimos que por error hemos obtenido informaci\u00f3n personal de un menor, eliminaremos dicha informaci\u00f3n lo antes posible.<\/p>\n<p>Ejercicio de los derechos de protecci\u00f3n de datos<\/p>\n<p>Para el ejercicio de los derechos deber\u00e1 identificarse mediante la presentaci\u00f3n de su DNI.<\/p>\n<p>Para cualquier reclamaci\u00f3n puede dirigirse al mismo correo indicado. Igualmente podr\u00e1 dirigirse a la Agencia Espa\u00f1ola de Protecci\u00f3n de Datos: www.aepd.es<\/p>\n<p>Datos de contacto:<br \/>https:\/\/fontanero24h-odonnell.com\/<br \/>Calle O\u2019Donnell 12, 28009 Madrid.<br \/>Tel\u00e9fono: +34601895697<br \/>Email: info@fontanero24h-odonnell.com<\/p>\t\t\t\t\t\t<\/div>\n\t\t\t\t<\/div>\n\t\t\t\t\t<\/div>\n\t\t\t\t<\/div>\n\t\t\t\t<\/div>\n\t\t","protected":false},"excerpt":{"rendered":"<p>Propiedad intelectual e industrial El dise\u00f1o del portal y sus c\u00f3digos fuente, as\u00ed como los logos, marcas y dem\u00e1s signos distintivos que aparecen en el mismo pertenecen a https:\/\/fontanero24h-odonnell.com\u00a0y est\u00e1n protegidos por los correspondientes derechos de propiedad intelectual e industrial. Responsabilidad de los contenidos https:\/\/fontanero24h-odonnell.com no se hace responsable de la legalidad de otros sitios [&hellip;]<\/p>\n","protected":false},"author":1,"featured_media":0,"parent":0,"menu_order":0,"comment_status":"closed","ping_status":"closed","template":"","meta":{"footnotes":""},"class_list":["post-430","page","type-page","status-publish","hentry"],"yoast_head":"<!-- This site is optimized with the Yoast SEO plugin v23.7 - https:\/\/yoast.com\/wordpress\/plugins\/seo\/ -->\n<title>Aviso Legal - Fontanero O&#039;Donnell<\/title>\n<meta name=\"robots\" content=\"noindex, nofollow\" \/>\n<meta property=\"og:locale\" content=\"es_ES\" \/>\n<meta property=\"og:type\" content=\"article\" \/>\n<meta property=\"og:title\" content=\"Aviso Legal - Fontanero O&#039;Donnell\" \/>\n<meta property=\"og:description\" content=\"Propiedad intelectual e industrial El dise\u00f1o del portal y sus c\u00f3digos fuente, as\u00ed como los logos, marcas y dem\u00e1s signos distintivos que aparecen en el mismo pertenecen a https:\/\/fontanero24h-odonnell.com\u00a0y est\u00e1n protegidos por los correspondientes derechos de propiedad intelectual e industrial. Responsabilidad de los contenidos https:\/\/fontanero24h-odonnell.com no se hace responsable de la legalidad de otros sitios [&hellip;]\" \/>\n<meta property=\"og:url\" content=\"https:\/\/fontanero24h-odonnell.com\/index.php\/aviso-legal\/\" \/>\n<meta property=\"og:site_name\" content=\"Fontanero O&#039;Donnell\" \/>\n<meta property=\"article:modified_time\" content=\"2024-11-08T18:23:56+00:00\" \/>\n<meta name=\"twitter:card\" content=\"summary_large_image\" \/>\n<meta name=\"twitter:label1\" content=\"Tiempo de lectura\" \/>\n\t<meta name=\"twitter:data1\" content=\"3 minutos\" \/>\n<script type=\"application\/ld+json\" class=\"yoast-schema-graph\">{\"@context\":\"https:\/\/schema.org\",\"@graph\":[{\"@type\":\"WebPage\",\"@id\":\"https:\/\/fontanero24h-odonnell.com\/index.php\/aviso-legal\/\",\"url\":\"https:\/\/fontanero24h-odonnell.com\/index.php\/aviso-legal\/\",\"name\":\"Aviso Legal - Fontanero O&#039;Donnell\",\"isPartOf\":{\"@id\":\"https:\/\/fontanero24h-odonnell.com\/#website\"},\"datePublished\":\"2024-10-28T06:56:06+00:00\",\"dateModified\":\"2024-11-08T18:23:56+00:00\",\"breadcrumb\":{\"@id\":\"https:\/\/fontanero24h-odonnell.com\/index.php\/aviso-legal\/#breadcrumb\"},\"inLanguage\":\"es\",\"potentialAction\":[{\"@type\":\"ReadAction\",\"target\":[\"https:\/\/fontanero24h-odonnell.com\/index.php\/aviso-legal\/\"]}]},{\"@type\":\"BreadcrumbList\",\"@id\":\"https:\/\/fontanero24h-odonnell.com\/index.php\/aviso-legal\/#breadcrumb\",\"itemListElement\":[{\"@type\":\"ListItem\",\"position\":1,\"name\":\"Portada\",\"item\":\"https:\/\/fontanero24h-odonnell.com\/\"},{\"@type\":\"ListItem\",\"position\":2,\"name\":\"Aviso Legal\"}]},{\"@type\":\"WebSite\",\"@id\":\"https:\/\/fontanero24h-odonnell.com\/#website\",\"url\":\"https:\/\/fontanero24h-odonnell.com\/\",\"name\":\"Fontanero O&#039;Donnell\",\"description\":\"\",\"publisher\":{\"@id\":\"https:\/\/fontanero24h-odonnell.com\/#organization\"},\"potentialAction\":[{\"@type\":\"SearchAction\",\"target\":{\"@type\":\"EntryPoint\",\"urlTemplate\":\"https:\/\/fontanero24h-odonnell.com\/?s={search_term_string}\"},\"query-input\":{\"@type\":\"PropertyValueSpecification\",\"valueRequired\":true,\"valueName\":\"search_term_string\"}}],\"inLanguage\":\"es\"},{\"@type\":\"Organization\",\"@id\":\"https:\/\/fontanero24h-odonnell.com\/#organization\",\"name\":\"Fontanero O&#039;Donnell\",\"url\":\"https:\/\/fontanero24h-odonnell.com\/\",\"logo\":{\"@type\":\"ImageObject\",\"inLanguage\":\"es\",\"@id\":\"https:\/\/fontanero24h-odonnell.com\/#\/schema\/logo\/image\/\",\"url\":\"https:\/\/fontanero24h-odonnell.com\/wp-content\/uploads\/2024\/10\/cropped-fontanero24h-odonnell.png\",\"contentUrl\":\"https:\/\/fontanero24h-odonnell.com\/wp-content\/uploads\/2024\/10\/cropped-fontanero24h-odonnell.png\",\"width\":500,\"height\":172,\"caption\":\"Fontanero O&#039;Donnell\"},\"image\":{\"@id\":\"https:\/\/fontanero24h-odonnell.com\/#\/schema\/logo\/image\/\"}}]}<\/script>\n<!-- \/ Yoast SEO plugin. -->","yoast_head_json":{"title":"Aviso Legal - Fontanero O&#039;Donnell","robots":{"index":"noindex","follow":"nofollow"},"og_locale":"es_ES","og_type":"article","og_title":"Aviso Legal - Fontanero O&#039;Donnell","og_description":"Propiedad intelectual e industrial El dise\u00f1o del portal y sus c\u00f3digos fuente, as\u00ed como los logos, marcas y dem\u00e1s signos distintivos que aparecen en el mismo pertenecen a https:\/\/fontanero24h-odonnell.com\u00a0y est\u00e1n protegidos por los correspondientes derechos de propiedad intelectual e industrial. Responsabilidad de los contenidos https:\/\/fontanero24h-odonnell.com no se hace responsable de la legalidad de otros sitios [&hellip;]","og_url":"https:\/\/fontanero24h-odonnell.com\/index.php\/aviso-legal\/","og_site_name":"Fontanero O&#039;Donnell","article_modified_time":"2024-11-08T18:23:56+00:00","twitter_card":"summary_large_image","twitter_misc":{"Tiempo de lectura":"3 minutos"},"schema":{"@context":"https:\/\/schema.org","@graph":[{"@type":"WebPage","@id":"https:\/\/fontanero24h-odonnell.com\/index.php\/aviso-legal\/","url":"https:\/\/fontanero24h-odonnell.com\/index.php\/aviso-legal\/","name":"Aviso Legal - Fontanero O&#039;Donnell","isPartOf":{"@id":"https:\/\/fontanero24h-odonnell.com\/#website"},"datePublished":"2024-10-28T06:56:06+00:00","dateModified":"2024-11-08T18:23:56+00:00","breadcrumb":{"@id":"https:\/\/fontanero24h-odonnell.com\/index.php\/aviso-legal\/#breadcrumb"},"inLanguage":"es","potentialAction":[{"@type":"ReadAction","target":["https:\/\/fontanero24h-odonnell.com\/index.php\/aviso-legal\/"]}]},{"@type":"BreadcrumbList","@id":"https:\/\/fontanero24h-odonnell.com\/index.php\/aviso-legal\/#breadcrumb","itemListElement":[{"@type":"ListItem","position":1,"name":"Portada","item":"https:\/\/fontanero24h-odonnell.com\/"},{"@type":"ListItem","position":2,"name":"Aviso Legal"}]},{"@type":"WebSite","@id":"https:\/\/fontanero24h-odonnell.com\/#website","url":"https:\/\/fontanero24h-odonnell.com\/","name":"Fontanero O&#039;Donnell","description":"","publisher":{"@id":"https:\/\/fontanero24h-odonnell.com\/#organization"},"potentialAction":[{"@type":"SearchAction","target":{"@type":"EntryPoint","urlTemplate":"https:\/\/fontanero24h-odonnell.com\/?s={search_term_string}"},"query-input":{"@type":"PropertyValueSpecification","valueRequired":true,"valueName":"search_term_string"}}],"inLanguage":"es"},{"@type":"Organization","@id":"https:\/\/fontanero24h-odonnell.com\/#organization","name":"Fontanero O&#039;Donnell","url":"https:\/\/fontanero24h-odonnell.com\/","logo":{"@type":"ImageObject","inLanguage":"es","@id":"https:\/\/fontanero24h-odonnell.com\/#\/schema\/logo\/image\/","url":"https:\/\/fontanero24h-odonnell.com\/wp-content\/uploads\/2024\/10\/cropped-fontanero24h-odonnell.png","contentUrl":"https:\/\/fontanero24h-odonnell.com\/wp-content\/uploads\/2024\/10\/cropped-fontanero24h-odonnell.png","width":500,"height":172,"caption":"Fontanero O&#039;Donnell"},"image":{"@id":"https:\/\/fontanero24h-odonnell.com\/#\/schema\/logo\/image\/"}}]}},"_links":{"self":[{"href":"https:\/\/fontanero24h-odonnell.com\/index.php\/wp-json\/wp\/v2\/pages\/430","targetHints":{"allow":["GET"]}}],"collection":[{"href":"https:\/\/fontanero24h-odonnell.com\/index.php\/wp-json\/wp\/v2\/pages"}],"about":[{"href":"https:\/\/fontanero24h-odonnell.com\/index.php\/wp-json\/wp\/v2\/types\/page"}],"author":[{"embeddable":true,"href":"https:\/\/fontanero24h-odonnell.com\/index.php\/wp-json\/wp\/v2\/users\/1"}],"replies":[{"embeddable":true,"href":"https:\/\/fontanero24h-odonnell.com\/index.php\/wp-json\/wp\/v2\/comments?post=430"}],"version-history":[{"count":13,"href":"https:\/\/fontanero24h-odonnell.com\/index.php\/wp-json\/wp\/v2\/pages\/430\/revisions"}],"predecessor-version":[{"id":509,"href":"https:\/\/fontanero24h-odonnell.com\/index.php\/wp-json\/wp\/v2\/pages\/430\/revisions\/509"}],"wp:attachment":[{"href":"https:\/\/fontanero24h-odonnell.com\/index.php\/wp-json\/wp\/v2\/media?parent=430"}],"curies":[{"name":"wp","href":"https:\/\/api.w.org\/{rel}","templated":true}]}}